{"id":7635,"date":"2024-02-14T02:47:54","date_gmt":"2024-02-14T10:47:54","guid":{"rendered":"https:\/\/www.marinrcd.org\/programs\/home2\/?page_id=7635"},"modified":"2026-01-08T13:24:56","modified_gmt":"2026-01-08T21:24:56","slug":"apply","status":"publish","type":"page","link":"https:\/\/www.marinrcd.org\/programs\/home2\/apply\/","title":{"rendered":"Agricultural Project Application"},"content":{"rendered":"[et_pb_section fb_built=&#8221;1&#8243; _builder_version=&#8221;4.24.0&#8243; _module_preset=&#8221;default&#8221; min_height=&#8221;768.9px&#8221; custom_padding=&#8221;2vw|30px|2vw|30px|true|false&#8221; global_colors_info=&#8221;{}&#8221;][et_pb_row admin_label=&#8221;Row&#8221; _builder_version=&#8221;4.24.0&#8243; _module_preset=&#8221;default&#8221; global_colors_info=&#8221;{}&#8221;][et_pb_column type=&#8221;4_4&#8243; _builder_version=&#8221;4.17.4&#8243; _module_preset=&#8221;default&#8221; global_colors_info=&#8221;{}&#8221;][et_pb_text _builder_version=&#8221;4.24.0&#8243; _module_preset=&#8221;default&#8221; text_text_color=&#8221;#0C71C3&#8243; width=&#8221;100%&#8221; min_height=&#8221;205.4px&#8221; custom_margin=&#8221;||-124px||false|false&#8221; custom_padding=&#8221;42px||0px||false|false&#8221; global_colors_info=&#8221;{}&#8221;]\n<h2 style=\"text-align: center;\"><\/h2>\n<h3 style=\"text-align: center;\"><\/h3>\n<h1 style=\"text-align: center;\"><span style=\"color: #3c6800;\"><b>Are you interested in funding for stewardship practices <\/b><\/span><\/h1>\n<h1 style=\"text-align: center;\"><span style=\"color: #3c6800;\"><b>on a ranch, farm or dairy in Marin County?<\/b><\/span><\/h1>\n<h3 style=\"text-align: center;\"><\/h3>\n[\/et_pb_text][et_pb_button button_url=&#8221;https:\/\/docs.google.com\/forms\/d\/e\/1FAIpQLScvdUQC2YPPg8jbOonqL08Wg1_pJEGZdAcCHokKFnln7JwyxQ\/viewform?usp=sf_link&#8221; button_text=&#8221;Apply Here&#8221; _builder_version=&#8221;4.24.0&#8243; _module_preset=&#8221;default&#8221; button_text_size=&#8221;18px&#8221; button_text_color=&#8221;#0C71C3&#8243; button_border_color=&#8221;RGBA(255,255,255,0)&#8221; button_border_radius=&#8221;13px&#8221; button_font=&#8221;Raleway|800|||||||&#8221; button_use_icon=&#8221;off&#8221; background_layout=&#8221;dark&#8221; custom_margin=&#8221;4vw||2vw|0vw|false|false&#8221; box_shadow_style=&#8221;preset4&#8243; box_shadow_blur=&#8221;0px&#8221; global_colors_info=&#8221;{}&#8221;][\/et_pb_button][et_pb_text _builder_version=&#8221;4.24.2&#8243; _module_preset=&#8221;default&#8221; text_font_size=&#8221;14px&#8221; min_height=&#8221;42px&#8221; custom_padding=&#8221;0px|||||&#8221; global_colors_info=&#8221;{}&#8221;]\n<h4 style=\"text-align: center;\">This is an <em>ongoing<\/em> application for Marin County producers to apply anytime for projects on their land.<\/h4>\n<h4 style=\"text-align: center;\">We currently do not have funding available for projects and will announce when more is secured.<\/h4>\n[\/et_pb_text][\/et_pb_column][\/et_pb_row][et_pb_row _builder_version=&#8221;4.24.0&#8243; _module_preset=&#8221;default&#8221; global_colors_info=&#8221;{}&#8221;][et_pb_column type=&#8221;4_4&#8243; _builder_version=&#8221;4.24.0&#8243; _module_preset=&#8221;default&#8221; global_colors_info=&#8221;{}&#8221;][et_pb_divider divider_weight=&#8221;32px&#8221; _builder_version=&#8221;4.24.0&#8243; _module_preset=&#8221;default&#8221; min_height=&#8221;33.4px&#8221; global_colors_info=&#8221;{}&#8221;][\/et_pb_divider][\/et_pb_column][\/et_pb_row][et_pb_row _builder_version=&#8221;4.24.2&#8243; _module_preset=&#8221;default&#8221; global_colors_info=&#8221;{}&#8221;][et_pb_column type=&#8221;4_4&#8243; _builder_version=&#8221;4.24.2&#8243; _module_preset=&#8221;default&#8221; global_colors_info=&#8221;{}&#8221;][et_pb_divider show_divider=&#8221;off&#8221; _builder_version=&#8221;4.24.2&#8243; _module_preset=&#8221;default&#8221; global_colors_info=&#8221;{}&#8221;][\/et_pb_divider][\/et_pb_column][\/et_pb_row][et_pb_row column_structure=&#8221;1_2,1_2&#8243; _builder_version=&#8221;4.24.2&#8243; _module_preset=&#8221;default&#8221; global_colors_info=&#8221;{}&#8221;][et_pb_column type=&#8221;1_2&#8243; _builder_version=&#8221;4.24.2&#8243; _module_preset=&#8221;default&#8221; global_colors_info=&#8221;{}&#8221;][et_pb_image src=&#8221;https:\/\/www.marinrcd.org\/wp\/wp-content\/uploads\/2024\/08\/Riparian-Planting1-1000&#215;750.jpg&#8221; title_text=&#8221;OLYMPUS DIGITAL CAMERA&#8221; _builder_version=&#8221;4.24.2&#8243; _module_preset=&#8221;default&#8221; global_colors_info=&#8221;{}&#8221;][\/et_pb_image][\/et_pb_column][et_pb_column type=&#8221;1_2&#8243; _builder_version=&#8221;4.24.2&#8243; _module_preset=&#8221;default&#8221; global_colors_info=&#8221;{}&#8221;][et_pb_image src=&#8221;https:\/\/www.marinrcd.org\/wp\/wp-content\/uploads\/2024\/08\/Streambank-Protection-1000&#215;750.jpg&#8221; title_text=&#8221;OLYMPUS DIGITAL CAMERA&#8221; _builder_version=&#8221;4.24.2&#8243; _module_preset=&#8221;default&#8221; global_colors_info=&#8221;{}&#8221;][\/et_pb_image][\/et_pb_column][\/et_pb_row][et_pb_row column_structure=&#8221;1_2,1_2&#8243; _builder_version=&#8221;4.24.2&#8243; _module_preset=&#8221;default&#8221; global_colors_info=&#8221;{}&#8221;][et_pb_column type=&#8221;1_2&#8243; _builder_version=&#8221;4.24.2&#8243; _module_preset=&#8221;default&#8221; global_colors_info=&#8221;{}&#8221;][et_pb_text _builder_version=&#8221;4.24.2&#8243; _module_preset=&#8221;default&#8221; global_colors_info=&#8221;{}&#8221;]\n<p>Pre-construction project example: An eroding streambank on a ranch is negatively impacting water quality.\u00a0<\/p>\n[\/et_pb_text][\/et_pb_column][et_pb_column type=&#8221;1_2&#8243; _builder_version=&#8221;4.24.2&#8243; _module_preset=&#8221;default&#8221; global_colors_info=&#8221;{}&#8221;][et_pb_text _builder_version=&#8221;4.24.2&#8243; _module_preset=&#8221;default&#8221; global_colors_info=&#8221;{}&#8221;]\n<p>Post-construction example: Streambank erosion repaired with earthwork (changing the slope of the bank) and vegetation (native plants to stabilize the bank soil).<\/p>\n[\/et_pb_text][\/et_pb_column][\/et_pb_row][\/et_pb_section][et_pb_section fb_built=&#8221;1&#8243; _builder_version=&#8221;4.24.0&#8243; _module_preset=&#8221;default&#8221; custom_margin=&#8221;||-77px|||&#8221; custom_padding=&#8221;0vw|60px|4vw|60px|false|false&#8221; global_colors_info=&#8221;{}&#8221;][et_pb_row column_structure=&#8221;3_4,1_4&#8243; _builder_version=&#8221;4.24.0&#8243; _module_preset=&#8221;default&#8221; min_height=&#8221;559.7px&#8221; custom_margin=&#8221;|auto|-61px|60px||&#8221; custom_padding=&#8221;0px||0px|||&#8221; global_colors_info=&#8221;{}&#8221;][et_pb_column type=&#8221;3_4&#8243; _builder_version=&#8221;4.24.0&#8243; _module_preset=&#8221;default&#8221; global_colors_info=&#8221;{}&#8221;][et_pb_text _builder_version=&#8221;4.24.2&#8243; _module_preset=&#8221;default&#8221; width=&#8221;94.8%&#8221; min_height=&#8221;522.1px&#8221; custom_margin=&#8221;||-47px|24px||&#8221; custom_padding=&#8221;0px|30px|0px|32px|false|false&#8221; global_colors_info=&#8221;{}&#8221;]\n<h4><span style=\"color: #333333;\"><\/span><\/h4>\n<h4>Marin Resource Conservation District <span style=\"color: #333333;\">stands ready to serve as your partner in land stewardship. We are a non-regulatory agency that provides confidential technical assistance. <\/span><span style=\"color: #333333;\">We offer the following:\u00a0<\/span><\/h4>\n<h4><span style=\"color: #333333;\"><\/span><\/h4>\n<p><span style=\"color: #333333;\"><\/span><\/p>\n<h4><span style=\"color: #333333;\"><b>Conservation Planning<\/b><\/span><\/h4>\n<h4><span style=\"color: #333333;\">Guidance in soil health, monitoring, and the co-creation of essential plans such as:<\/span><\/h4>\n<h4 style=\"padding-left: 40px;\"><span style=\"color: #333333;\">\u00a0 \u00a0 \u00a0 \u00a0Carbon Farm Plans<\/span><\/h4>\n<h4 style=\"padding-left: 40px;\"><span style=\"color: #333333;\">\u00a0 \u00a0 \u00a0 \u00a0Soil Health Management Plans<\/span><\/h4>\n<h4 style=\"padding-left: 40px;\"><span style=\"color: #333333;\">\u00a0 \u00a0 \u00a0 \u00a0Grazing Management Plans<\/span><\/h4>\n<p><span style=\"color: #333333;\"><\/span><\/p>\n<h4><span style=\"color: #333333;\"><b>Technical Assistance &amp; Implementation\u00a0<\/b><\/span><\/h4>\n<h4><span style=\"color: #333333;\">Design, permitting and construction management for projects that improve water quality and climate resilience.\u00a0<\/span><span style=\"color: #333333;\"><\/span><\/h4>\n<h4><span style=\"color: #000000;\">Financial assistance is available for project implementation. Many projects do not require landowner cost share.<\/span><\/h4>\n<h4><span style=\"color: #333333; font-size: large;\">Learn more about past projects and what practices qualify in the application portal.\u00a0<\/span><\/h4>\n<p>&nbsp;<\/p>\n[\/et_pb_text][\/et_pb_column][et_pb_column type=&#8221;1_4&#8243; _builder_version=&#8221;4.24.0&#8243; _module_preset=&#8221;default&#8221; global_colors_info=&#8221;{}&#8221;][et_pb_divider show_divider=&#8221;off&#8221; _builder_version=&#8221;4.24.0&#8243; _module_preset=&#8221;default&#8221; min_height=&#8221;99px&#8221; global_colors_info=&#8221;{}&#8221;][\/et_pb_divider][et_pb_button button_url=&#8221;https:\/\/www.marinrcd.org\/programs\/home2\/apply-spanish\/&#8221; button_text=&#8221;Haga clic aqu\u00ed para ver esta p\u00e1gina en Espa\u00f1ol&#8221; _builder_version=&#8221;4.24.2&#8243; _module_preset=&#8221;default&#8221; custom_margin=&#8221;0vw||0vw|0vw|false|false&#8221; global_colors_info=&#8221;{}&#8221;][\/et_pb_button][et_pb_divider _builder_version=&#8221;4.24.0&#8243; _module_preset=&#8221;default&#8221; min_height=&#8221;24px&#8221; global_colors_info=&#8221;{}&#8221;][\/et_pb_divider][et_pb_blurb use_icon=&#8221;on&#8221; _builder_version=&#8221;4.24.0&#8243; _module_preset=&#8221;default&#8221; background_color=&#8221;#c4c4c4&#8243; width=&#8221;100%&#8221; custom_margin=&#8221;-30px|||0px|false|false&#8221; custom_padding=&#8221;|||0px||&#8221; border_radii=&#8221;on|6px|6px|6px|6px&#8221; border_width_all=&#8221;9px&#8221; border_color_all=&#8221;#C4C4C4&#8243; global_colors_info=&#8221;{}&#8221;]\n<p><em><span class=\"TextRun Highlight SCXW259341143 BCX0\" lang=\"EN-US\" xml:lang=\"EN-US\" data-contrast=\"none\"><span class=\"NormalTextRun CommentStart CommentHighlightPipeClickedV2 CommentHighlightClicked SCXW259341143 BCX0\">Division 9 of the CA Public <\/span><\/span><\/em><em><span class=\"TextRun Highlight SCXW259341143 BCX0\" lang=\"EN-US\" xml:lang=\"EN-US\" data-contrast=\"none\"><span class=\"NormalTextRun CommentStart CommentHighlightPipeClickedV2 CommentHighlightClicked SCXW259341143 BCX0\">Resources Code gives Resource Conservation Districts authority to oversee and manage countywide or regional natural\u202fresource conservation projects on both public and private lands.\u202f<\/span><\/span><\/em><\/p>\n[\/et_pb_blurb][et_pb_divider _builder_version=&#8221;4.24.0&#8243; _module_preset=&#8221;default&#8221; global_colors_info=&#8221;{}&#8221;][\/et_pb_divider][\/et_pb_column][\/et_pb_row][et_pb_row _builder_version=&#8221;4.24.2&#8243; _module_preset=&#8221;default&#8221; global_colors_info=&#8221;{}&#8221;][et_pb_column type=&#8221;4_4&#8243; _builder_version=&#8221;4.24.2&#8243; _module_preset=&#8221;default&#8221; global_colors_info=&#8221;{}&#8221;][et_pb_divider divider_weight=&#8221;32px&#8221; _builder_version=&#8221;4.24.0&#8243; _module_preset=&#8221;default&#8221; min_height=&#8221;33.4px&#8221; locked=&#8221;off&#8221; global_colors_info=&#8221;{}&#8221;][\/et_pb_divider][\/et_pb_column][\/et_pb_row][et_pb_row _builder_version=&#8221;4.24.2&#8243; _module_preset=&#8221;default&#8221; global_colors_info=&#8221;{}&#8221;][et_pb_column type=&#8221;4_4&#8243; _builder_version=&#8221;4.24.2&#8243; _module_preset=&#8221;default&#8221; global_colors_info=&#8221;{}&#8221;][et_pb_text _builder_version=&#8221;4.24.2&#8243; _module_preset=&#8221;default&#8221; hover_enabled=&#8221;0&#8243; global_colors_info=&#8221;{}&#8221; sticky_enabled=&#8221;0&#8243;]\n<h4 style=\"text-align: center;\"><\/h4>\n<h4 style=\"text-align: center;\"><\/h4>\n<h4 style=\"text-align: center;\"><\/h4>\n<h4 style=\"text-align: center;\">Marin RCD receives several types of funding for specific projects, and based on your interest we can match you with the current available funding. <strong>This Fall\/Winter 2025\/26 round of projects\u00a0 is funded by one or more of the following:<\/strong><\/h4>\n[\/et_pb_text][\/et_pb_column][\/et_pb_row][et_pb_row column_structure=&#8221;1_3,1_3,1_3&#8243; _builder_version=&#8221;4.24.2&#8243; _module_preset=&#8221;default&#8221; global_colors_info=&#8221;{}&#8221;][et_pb_column type=&#8221;1_3&#8243; _builder_version=&#8221;4.24.2&#8243; _module_preset=&#8221;default&#8221; global_colors_info=&#8221;{}&#8221;][et_pb_image src=&#8221;https:\/\/www.marinrcd.org\/wp\/wp-content\/uploads\/2024\/11\/USDA_color-3-300&#215;116.png&#8221; _builder_version=&#8221;4.24.2&#8243; _module_preset=&#8221;default&#8221; global_colors_info=&#8221;{}&#8221;][\/et_pb_image][\/et_pb_column][et_pb_column type=&#8221;1_3&#8243; _builder_version=&#8221;4.24.2&#8243; _module_preset=&#8221;default&#8221; global_colors_info=&#8221;{}&#8221;][et_pb_image src=&#8221;https:\/\/www.marinrcd.org\/wp\/wp-content\/uploads\/2024\/11\/marin-parks-2.png&#8221; align=&#8221;center&#8221; _builder_version=&#8221;4.24.2&#8243; _module_preset=&#8221;default&#8221; global_colors_info=&#8221;{}&#8221;][\/et_pb_image][\/et_pb_column][et_pb_column type=&#8221;1_3&#8243; _builder_version=&#8221;4.24.2&#8243; _module_preset=&#8221;default&#8221; global_colors_info=&#8221;{}&#8221;][et_pb_image src=&#8221;https:\/\/www.marinrcd.org\/wp\/wp-content\/uploads\/2024\/11\/water-control-board-logo-2-300&#215;75.png&#8221; _builder_version=&#8221;4.24.2&#8243; _module_preset=&#8221;default&#8221; global_colors_info=&#8221;{}&#8221;][\/et_pb_image][\/et_pb_column][\/et_pb_row][et_pb_row column_structure=&#8221;1_3,1_3,1_3&#8243; _builder_version=&#8221;4.24.2&#8243; _module_preset=&#8221;default&#8221; min_height=&#8221;219px&#8221; custom_padding=&#8221;||6px|||&#8221; global_colors_info=&#8221;{}&#8221;][et_pb_column type=&#8221;1_3&#8243; _builder_version=&#8221;4.24.0&#8243; _module_preset=&#8221;default&#8221; global_colors_info=&#8221;{}&#8221;][et_pb_text _builder_version=&#8221;4.24.2&#8243; _module_preset=&#8221;default&#8221; min_height=&#8221;50px&#8221; custom_margin=&#8221;||26px|||&#8221; custom_padding=&#8221;||0px|||&#8221; hover_enabled=&#8221;0&#8243; global_colors_info=&#8221;{}&#8221; sticky_enabled=&#8221;0&#8243;]\n<p style=\"text-align: center;\"><strong style=\"font-size: 16px;\">USDA Natural Resources Conservation Service<\/strong><strong><\/strong><\/p>\n<p style=\"text-align: center;\">Marching funds for soil health practices<\/p>\n[\/et_pb_text][\/et_pb_column][et_pb_column type=&#8221;1_3&#8243; _builder_version=&#8221;4.24.0&#8243; _module_preset=&#8221;default&#8221; global_colors_info=&#8221;{}&#8221;][et_pb_text _builder_version=&#8221;4.24.2&#8243; _module_preset=&#8221;default&#8221; custom_padding=&#8221;||0px|||&#8221; global_colors_info=&#8221;{}&#8221;]\n<p style=\"text-align: center;\"><strong>Marin County Parks Measure A<\/strong><\/p>\n<p style=\"text-align: center;\">Matching funds for sustainable agriculture stewardship projects<\/p>\n[\/et_pb_text][\/et_pb_column][et_pb_column type=&#8221;1_3&#8243; _builder_version=&#8221;4.24.0&#8243; _module_preset=&#8221;default&#8221; global_colors_info=&#8221;{}&#8221;][et_pb_text _builder_version=&#8221;4.24.2&#8243; _module_preset=&#8221;default&#8221; global_colors_info=&#8221;{}&#8221;]\n<p style=\"text-align: center;\"><strong style=\"font-size: 16px;\">California State Water Resources Control Board (SWRCB) <\/strong><\/p>\n<p style=\"text-align: center;\"><strong><\/strong>Install management practices to improve water quality in the Tomales Bay and Estero de San Antonio watersheds<\/p>\n[\/et_pb_text][\/et_pb_column][\/et_pb_row][et_pb_row _builder_version=&#8221;4.24.0&#8243; _module_preset=&#8221;default&#8221; custom_padding=&#8221;|30px||30px|false|false&#8221; global_colors_info=&#8221;{}&#8221;][et_pb_column type=&#8221;4_4&#8243; _builder_version=&#8221;4.17.4&#8243; _module_preset=&#8221;default&#8221; global_colors_info=&#8221;{}&#8221;][et_pb_divider divider_weight=&#8221;32px&#8221; _builder_version=&#8221;4.24.0&#8243; _module_preset=&#8221;default&#8221; min_height=&#8221;33.4px&#8221; custom_margin=&#8221;|-21px||||&#8221; custom_padding=&#8221;|||0px||&#8221; locked=&#8221;off&#8221; global_colors_info=&#8221;{}&#8221;][\/et_pb_divider][\/et_pb_column][\/et_pb_row][\/et_pb_section][et_pb_section fb_built=&#8221;1&#8243; _builder_version=&#8221;4.24.0&#8243; _module_preset=&#8221;default&#8221; custom_padding=&#8221;2vw||1vw||false|false&#8221; global_colors_info=&#8221;{}&#8221;][et_pb_row _builder_version=&#8221;4.24.0&#8243; _module_preset=&#8221;default&#8221; global_colors_info=&#8221;{}&#8221;][et_pb_column type=&#8221;4_4&#8243; _builder_version=&#8221;4.24.0&#8243; _module_preset=&#8221;default&#8221; global_colors_info=&#8221;{}&#8221;][et_pb_text _builder_version=&#8221;4.24.2&#8243; _module_preset=&#8221;default&#8221; global_colors_info=&#8221;{}&#8221;]\n<h2 style=\"text-align: center;\"><strong>Examples of Past Projects<\/strong><\/h2>\n[\/et_pb_text][et_pb_gallery gallery_ids=&#8221;6448,6436,6438,6445,6447,6442&#8243; fullwidth=&#8221;on&#8221; _builder_version=&#8221;4.24.0&#8243; _module_preset=&#8221;default&#8221; width=&#8221;62%&#8221; max_width=&#8221;73%&#8221; module_alignment=&#8221;center&#8221; global_colors_info=&#8221;{}&#8221;][\/et_pb_gallery][et_pb_text _builder_version=&#8221;4.24.2&#8243; _module_preset=&#8221;default&#8221; global_colors_info=&#8221;{}&#8221;]\n<h4 style=\"text-align: center;\">\u00a0<span style=\"color: #000000;\">Have questions?<\/span><\/h4>\n<h4 style=\"text-align: center;\"><span style=\"color: #000000;\">Prefer to apply over the phone?<\/span><\/h4>\n<h4 style=\"text-align: center;\"><span style=\"color: #000000;\"><span style=\"font-size: large;\">Reach out to us to schedule a visit on your farm or ranch to learn how we can help.<\/span><\/span><\/h4>\n<h4 style=\"text-align: center;\"><span style=\"color: #000000;\"><span style=\"font-size: large;\"><\/span><\/span><\/h4>\n<h4 style=\"text-align: center;\"><span style=\"color: #000000;\">Contact Sarah Skinker, Carbon Farming Program Manager<\/span><\/h4>\n<h4 style=\"text-align: center;\"><span style=\"color: #000000;\">(415) 780-2854 <\/span><\/h4>\n<h4 style=\"text-align: center;\"><span style=\"color: #000000;\">sarahs@marinrcd.org<\/span><\/h4>\n[\/et_pb_text][\/et_pb_column][\/et_pb_row][\/et_pb_section]\n","protected":false},"excerpt":{"rendered":"<p>Are you interested in funding for stewardship practices on a ranch, farm or dairy in Marin County? This is an ongoing application for Marin County producers to apply anytime for [&hellip;]<\/p>\n","protected":false},"author":1,"featured_media":0,"parent":0,"menu_order":0,"comment_status":"closed","ping_status":"closed","template":"","meta":{"_et_pb_use_builder":"on","_et_pb_old_content":"","_et_gb_content_width":"","_monsterinsights_skip_tracking":false,"_monsterinsights_sitenote_active":false,"_monsterinsights_sitenote_note":"","_monsterinsights_sitenote_category":0,"footnotes":""},"class_list":["post-7635","page","type-page","status-publish","hentry"],"aioseo_notices":[],"_links":{"self":[{"href":"https:\/\/www.marinrcd.org\/programs\/home2\/wp-json\/wp\/v2\/pages\/7635","targetHints":{"allow":["GET"]}}],"collection":[{"href":"https:\/\/www.marinrcd.org\/programs\/home2\/wp-json\/wp\/v2\/pages"}],"about":[{"href":"https:\/\/www.marinrcd.org\/programs\/home2\/wp-json\/wp\/v2\/types\/page"}],"author":[{"embeddable":true,"href":"https:\/\/www.marinrcd.org\/programs\/home2\/wp-json\/wp\/v2\/users\/1"}],"replies":[{"embeddable":true,"href":"https:\/\/www.marinrcd.org\/programs\/home2\/wp-json\/wp\/v2\/comments?post=7635"}],"version-history":[{"count":9,"href":"https:\/\/www.marinrcd.org\/programs\/home2\/wp-json\/wp\/v2\/pages\/7635\/revisions"}],"predecessor-version":[{"id":8705,"href":"https:\/\/www.marinrcd.org\/programs\/home2\/wp-json\/wp\/v2\/pages\/7635\/revisions\/8705"}],"wp:attachment":[{"href":"https:\/\/www.marinrcd.org\/programs\/home2\/wp-json\/wp\/v2\/media?parent=7635"}],"curies":[{"name":"wp","href":"https:\/\/api.w.org\/{rel}","templated":true}]}}