{"id":8122,"date":"2024-08-05T14:19:16","date_gmt":"2024-08-05T21:19:16","guid":{"rendered":"https:\/\/www.marinrcd.org\/programs\/home2\/?page_id=8122"},"modified":"2024-10-28T10:38:45","modified_gmt":"2024-10-28T17:38:45","slug":"apply-spanish","status":"publish","type":"page","link":"https:\/\/www.marinrcd.org\/programs\/home2\/apply-spanish\/","title":{"rendered":"Agricultural Project Application"},"content":{"rendered":"[et_pb_section fb_built=&#8221;1&#8243; _builder_version=&#8221;4.24.0&#8243; _module_preset=&#8221;default&#8221; custom_padding=&#8221;2vw|30px|2vw|30px|true|false&#8221; global_colors_info=&#8221;{}&#8221;][et_pb_row admin_label=&#8221;Row&#8221; _builder_version=&#8221;4.24.0&#8243; _module_preset=&#8221;default&#8221; custom_padding=&#8221;|0px|33px|||&#8221; global_colors_info=&#8221;{}&#8221;][et_pb_column type=&#8221;4_4&#8243; _builder_version=&#8221;4.17.4&#8243; _module_preset=&#8221;default&#8221; global_colors_info=&#8221;{}&#8221;][et_pb_text _builder_version=&#8221;4.24.0&#8243; _module_preset=&#8221;default&#8221; text_text_color=&#8221;#0C71C3&#8243; width=&#8221;100%&#8221; min_height=&#8221;205.4px&#8221; custom_margin=&#8221;||-67px||false|false&#8221; custom_padding=&#8221;42px||0px||false|false&#8221; global_colors_info=&#8221;{}&#8221;]\n<h2 style=\"text-align: center;\"><\/h2>\n<h3 style=\"text-align: center;\"><\/h3>\n<h1 style=\"text-align: center;\"><strong>\u00bfUsted est\u00e1 interesado en recibir fundaci\u00f3n para pr\u00e1cticas de administraci\u00f3n <\/strong><strong>responsable en una granja, rancho o lecher\u00eda en el condado de Marin? \u00a1Aplique <\/strong><strong>aqu\u00ed!<\/strong><\/h1>\n<h3 style=\"text-align: center;\"><\/h3>\n<h3 style=\"text-align: center;\"><\/h3>\n[\/et_pb_text][\/et_pb_column][\/et_pb_row][et_pb_row _builder_version=&#8221;4.24.0&#8243; _module_preset=&#8221;default&#8221; global_colors_info=&#8221;{}&#8221;][et_pb_column type=&#8221;4_4&#8243; _builder_version=&#8221;4.24.0&#8243; _module_preset=&#8221;default&#8221; global_colors_info=&#8221;{}&#8221;][et_pb_text _builder_version=&#8221;4.24.2&#8243; _module_preset=&#8221;default&#8221; text_font_size=&#8221;14px&#8221; min_height=&#8221;123px&#8221; custom_padding=&#8221;0px|||||&#8221; global_colors_info=&#8221;{}&#8221;]\n<p style=\"text-align: center;\">Esta es una aplicaci\u00f3n en curso para productores en el condado de Marin para aplicar a proyectos en su tierra.<\/p>\n<p style=\"text-align: center;\">Marin RCD recibe varios tipos de fondos para proyectos espec\u00edficos y basado en su inter\u00e9s, podemos conectarlos con la financiaci\u00f3n m\u00e1s reciente.<\/p>\n<p style=\"text-align: center;\">\n[\/et_pb_text][et_pb_divider divider_weight=&#8221;32px&#8221; _builder_version=&#8221;4.24.0&#8243; _module_preset=&#8221;default&#8221; global_colors_info=&#8221;{}&#8221;][\/et_pb_divider][\/et_pb_column][\/et_pb_row][\/et_pb_section][et_pb_section fb_built=&#8221;1&#8243; _builder_version=&#8221;4.24.0&#8243; _module_preset=&#8221;default&#8221; custom_padding=&#8221;2vw|60px|4vw|60px|false|false&#8221; global_colors_info=&#8221;{}&#8221;][et_pb_row column_structure=&#8221;3_4,1_4&#8243; _builder_version=&#8221;4.24.0&#8243; _module_preset=&#8221;default&#8221; custom_margin=&#8221;|auto||60px||&#8221; global_colors_info=&#8221;{}&#8221;][et_pb_column type=&#8221;3_4&#8243; _builder_version=&#8221;4.24.0&#8243; _module_preset=&#8221;default&#8221; global_colors_info=&#8221;{}&#8221;][et_pb_text _builder_version=&#8221;4.24.2&#8243; _module_preset=&#8221;default&#8221; width=&#8221;94.8%&#8221; custom_margin=&#8221;|||24px||&#8221; custom_padding=&#8221;|30px||32px|false|false&#8221; global_colors_info=&#8221;{}&#8221;]\n<h4><span style=\"color: #333333;\"><\/span><\/h4>\n<h4>El Distrito de Conservaci\u00f3n de Recursos de Marin\u00a0 <span style=\"color: #333333;\">se mantiene preparado para servir como su socio en la administraci\u00f3n de tierras.Nosotros somos una agencia no regulatoria que provee asistencia t\u00e9cnica confidencial.<\/span><\/h4>\n<h4><span style=\"color: #333333;\"><\/span><\/h4>\n<h4><span style=\"color: #333333;\">Servicios que Ofrecemos:\u00a0<\/span><\/h4>\n<p><span style=\"color: #333333;\"><\/span><\/p>\n<h4><span style=\"color: #333333;\"><b>Experiencia T\u00e9cnica y Planeaci\u00f3n<\/b><\/span><\/h4>\n<h4>Guianza en salud de la tierra, monitorizaci\u00f3n y la co-creaci\u00f3n de planes essentials.<\/h4>\n<p><span style=\"color: #333333;\"><\/span><\/p>\n<h4><span style=\"color: #333333;\"><\/span>Planes de Conservaci\u00f3n que Ofrecemos<\/h4>\n<h4 style=\"padding-left: 40px;\"><span style=\"color: #333333;\">\u00a0<\/span><span style=\"color: #333333;\">Planes de el cultivo del Carbono<\/span><\/h4>\n<h4 style=\"padding-left: 40px;\"><span style=\"color: #333333;\">\u00a0Planes para el Gesti\u00f3n de la Salud de la Tierra<\/span><\/h4>\n<h4 style=\"padding-left: 40px;\"><span style=\"color: #333333;\">\u00a0Planes de Manejo de Pastoreo<\/span><span style=\"color: #333333;\"><\/span><\/h4>\n<p><span style=\"color: #333333;\"><\/span><\/p>\n<h4><span style=\"color: #333333;\"><b>Implementacion<\/b><\/span><\/h4>\n<h4><span style=\"color: #333333;\">Ayuda financiera para proyectos de administraci\u00f3n de ecosistemas.<\/span><\/h4>\n<p><span style=\"color: #333333; font-size: large;\"><\/span><\/p>\n<p><span style=\"color: #333333; font-size: large;\">Puede aprender m\u00e1s sobre proyectos anteriores y cu\u00e1les pr\u00e1cticas califican.<\/span><\/p>\n<p><span style=\"color: #333333; font-size: large;\"><\/span><\/p>\n<p><span style=\"color: #333333;\"><\/span>\u00a0 \u00a0 \u00a0 \u00a0 \u00a0 \u00a0 \u00a0 \u00a0 \u00a0\u00a0<span style=\"font-size: large;\"> \u00a0<span style=\"text-decoration: underline;\"><a href=\"https:\/\/www.marinrcd.org\/programs\/home2\/carbon-farming\/implementation\/\">Practicas del Cultivo del Carbono<\/a><\/span><\/span><\/p>\n<p><span style=\"font-size: large;\"><a href=\"https:\/\/www.marinrcd.org\/programs\/home2\/carbon-farming\/implementation\/\"><\/a>\u00a0 \u00a0 \u00a0 \u00a0 \u00a0 \u00a0 \u00a0 \u00a0 \u00a0 <span style=\"text-decoration: underline;\"><a href=\"https:\/\/www.marinrcd.org\/programs\/home2\/cows\/\">Practicas de la Calidad de Agua<\/a><\/span><\/span><\/p>\n<p><b style=\"color: #333333; font-size: 18px;\">Manejo de Proyectos<\/b><\/p>\n<h4><span style=\"color: #333333;\">Ejecutar proyectos desde su concepci\u00f3n hasta su completaci\u00f3n, asegurando resultados efectivos e impactantes.<\/span><\/h4>\n<p><span style=\"color: #333333;\"><\/span><\/p>\n<p>&nbsp;<\/p>\n[\/et_pb_text][\/et_pb_column][et_pb_column type=&#8221;1_4&#8243; _builder_version=&#8221;4.24.0&#8243; _module_preset=&#8221;default&#8221; global_colors_info=&#8221;{}&#8221;][et_pb_divider show_divider=&#8221;off&#8221; _builder_version=&#8221;4.24.0&#8243; _module_preset=&#8221;default&#8221; min_height=&#8221;99px&#8221; global_colors_info=&#8221;{}&#8221;][\/et_pb_divider][et_pb_divider _builder_version=&#8221;4.24.0&#8243; _module_preset=&#8221;default&#8221; min_height=&#8221;24px&#8221; global_colors_info=&#8221;{}&#8221;][\/et_pb_divider][et_pb_blurb use_icon=&#8221;on&#8221; _builder_version=&#8221;4.24.2&#8243; _module_preset=&#8221;default&#8221; background_color=&#8221;#c4c4c4&#8243; width=&#8221;100%&#8221; custom_margin=&#8221;-30px|||0px|false|false&#8221; custom_padding=&#8221;|||0px||&#8221; border_radii=&#8221;on|6px|6px|6px|6px&#8221; border_width_all=&#8221;9px&#8221; border_color_all=&#8221;#C4C4C4&#8243; global_colors_info=&#8221;{}&#8221;]\n<p><em>La Divisi\u00f3n 9 del C\u00f3digo de Recursos P\u00fablicos de CA le da a los Distritos de Conservaci\u00f3n de Recursos autoridad para supervisar y administrar proyectos de conservaci\u00f3n de los recursos naturales regionales en tierras p\u00fablicas y privadas.<\/em><\/p>\n[\/et_pb_blurb][et_pb_divider _builder_version=&#8221;4.24.0&#8243; _module_preset=&#8221;default&#8221; global_colors_info=&#8221;{}&#8221;][\/et_pb_divider][et_pb_button button_url=&#8221;https:\/\/www.marinrcd.org\/programs\/home2\/marin-rcds-story\/&#8221; button_text=&#8221;La Historia del Marin RCD&#8221; _builder_version=&#8221;4.24.2&#8243; _module_preset=&#8221;default&#8221; custom_margin=&#8221;0vw||0vw|0vw|false|false&#8221; global_colors_info=&#8221;{}&#8221;][\/et_pb_button][et_pb_button button_url=&#8221;https:\/\/www.marinrcd.org\/programs\/home2\/carbon-farming-2\/&#8221; button_text=&#8221;Informaci\u00f3n sobre el Cultivo del Carbono&#8221; _builder_version=&#8221;4.24.2&#8243; _module_preset=&#8221;default&#8221; custom_margin=&#8221;2vw||2vw|0vw|false|false&#8221; global_colors_info=&#8221;{}&#8221;][\/et_pb_button][\/et_pb_column][\/et_pb_row][et_pb_row _builder_version=&#8221;4.24.0&#8243; _module_preset=&#8221;default&#8221; global_colors_info=&#8221;{}&#8221;][et_pb_column type=&#8221;4_4&#8243; _builder_version=&#8221;4.24.0&#8243; _module_preset=&#8221;default&#8221; global_colors_info=&#8221;{}&#8221;][et_pb_text _builder_version=&#8221;4.24.0&#8243; _module_preset=&#8221;default&#8221; min_height=&#8221;50px&#8221; custom_margin=&#8221;||26px|||&#8221; global_colors_info=&#8221;{}&#8221;]\n<p style=\"text-align: center;\"><span style=\"font-size: large;\">\u00bfTiene alguna pregunta o proyecto que no est\u00e1 publicado en la aplicaci\u00f3n?<\/span><\/p>\n<p style=\"text-align: center;\"><span style=\"font-size: large;\">Favor de comunicarse con nosotros para programar una visita en su granja o rancho<br \/>para aprender c\u00f3mo le podemos ayudar.<\/span><\/p>\n[\/et_pb_text][\/et_pb_column][\/et_pb_row][et_pb_row _builder_version=&#8221;4.24.0&#8243; _module_preset=&#8221;default&#8221; custom_padding=&#8221;|30px||30px|false|false&#8221; global_colors_info=&#8221;{}&#8221;][et_pb_column type=&#8221;4_4&#8243; _builder_version=&#8221;4.17.4&#8243; _module_preset=&#8221;default&#8221; global_colors_info=&#8221;{}&#8221;][et_pb_text _builder_version=&#8221;4.24.2&#8243; _module_preset=&#8221;default&#8221; text_font_size=&#8221;14px&#8221; min_height=&#8221;24px&#8221; global_colors_info=&#8221;{}&#8221;]\n<h5 style=\"text-align: left;\"><span style=\"font-size: large; color: #000000;\">Las aplicaciones son aceptadas de forma continua, por lo cual se puede aplicar a cualquier tiempo. Regrese en el futuro en este verano para aprender mas sobre proyectos de financiaci\u00f3n prioritarios disponibles este oto\u00f1o.\u00a0<\/span><\/h5>\n[\/et_pb_text][et_pb_text _builder_version=&#8221;4.24.2&#8243; _module_preset=&#8221;default&#8221; global_colors_info=&#8221;{}&#8221;]\n<p>&nbsp;<\/p>\n<h4 style=\"text-align: center;\"><span style=\"color: #000000;\">Nosotros queremos escuchar de usted.<\/span><\/h4>\n<h4 style=\"text-align: center;\"><span style=\"color: #000000;\">\u00bfPrefiere aplicar por llamada telef\u00f3nica?<\/span><\/h4>\n<h4 style=\"text-align: center;\"><span style=\"color: #000000;\">Contacte a Sarah Skinker , gerente del programa de cultivo de carbono<\/span><\/h4>\n<h4 style=\"text-align: center;\">(415) 780-2854<\/h4>\n<h4 style=\"text-align: center;\"><strong><span style=\"color: #000000;\"><a href=\"mailto:sarahs@marinrcd.org\">sarahs@marinrcd.org<\/a><\/span><\/strong><\/h4>\n<h4 style=\"text-align: center;\"><span style=\"color: #000000;\">Contacte a Lee Farese, ecologista de pastizales\u00a0<\/span><\/h4>\n<h4 style=\"text-align: center;\"><span style=\"color: #5b8500;\">(415) 251-4092<\/span><\/h4>\n<p style=\"text-align: center;\"><span style=\"color: #000000;\"><strong><a href=\"mailto:lee@marinrcd.org\" style=\"color: #000000;\">lee@marinrcd.org<\/a><\/strong><\/span><\/p>\n<p style=\"text-align: center;\"><span style=\"color: #000000;\"><\/span><\/p>\n<p><strong><span style=\"color: #000000;\"><\/span><\/strong><\/p>\n<p style=\"text-align: center;\"><strong><span style=\"color: #000000;\">\u00a0 \u00a0 \u00a0 \u00a0 \u00a0 \u00a0 \u00a0 \u00a0 \u00a0 \u00a0 \u00a0 \u00a0 \u00a0 \u00a0 \u00a0 \u00a0 \u00a0<\/span><\/strong><\/p>\n<h4 class=\"et_pb_module_header\"><\/h4>\n[\/et_pb_text][\/et_pb_column][\/et_pb_row][\/et_pb_section][et_pb_section fb_built=&#8221;1&#8243; _builder_version=&#8221;4.24.0&#8243; _module_preset=&#8221;default&#8221; custom_padding=&#8221;2vw||6vw||false|false&#8221; global_colors_info=&#8221;{}&#8221;][et_pb_row _builder_version=&#8221;4.24.0&#8243; _module_preset=&#8221;default&#8221; global_colors_info=&#8221;{}&#8221;][et_pb_column type=&#8221;4_4&#8243; _builder_version=&#8221;4.24.0&#8243; _module_preset=&#8221;default&#8221; global_colors_info=&#8221;{}&#8221;][et_pb_text _builder_version=&#8221;4.24.0&#8243; _module_preset=&#8221;default&#8221; header_text_color=&#8221;#0C71C3&#8243; global_colors_info=&#8221;{}&#8221;]\n<h2 style=\"text-align: center;\">Aqu\u00ed hay unos ejemplos de nuestro trabajo sobre los a\u00f1os.<\/h2>\n[\/et_pb_text][et_pb_gallery gallery_ids=&#8221;6448,6436,6438,6445,6447,6442&#8243; fullwidth=&#8221;on&#8221; _builder_version=&#8221;4.24.0&#8243; _module_preset=&#8221;default&#8221; width=&#8221;62%&#8221; max_width=&#8221;73%&#8221; module_alignment=&#8221;center&#8221; global_colors_info=&#8221;{}&#8221;][\/et_pb_gallery][\/et_pb_column][\/et_pb_row][et_pb_row _builder_version=&#8221;4.24.0&#8243; _module_preset=&#8221;default&#8221; global_colors_info=&#8221;{}&#8221;][et_pb_column type=&#8221;4_4&#8243; _builder_version=&#8221;4.24.0&#8243; _module_preset=&#8221;default&#8221; global_colors_info=&#8221;{}&#8221;][\/et_pb_column][\/et_pb_row][\/et_pb_section]\n","protected":false},"excerpt":{"rendered":"<p>\u00bfUsted est\u00e1 interesado en recibir fundaci\u00f3n para pr\u00e1cticas de administraci\u00f3n responsable en una granja, rancho o lecher\u00eda en el condado de Marin? \u00a1Aplique aqu\u00ed! Esta es una aplicaci\u00f3n en curso [&hellip;]<\/p>\n","protected":false},"author":1,"featured_media":0,"parent":0,"menu_order":0,"comment_status":"closed","ping_status":"closed","template":"","meta":{"_et_pb_use_builder":"on","_et_pb_old_content":"","_et_gb_content_width":"","_monsterinsights_skip_tracking":false,"_monsterinsights_sitenote_active":false,"_monsterinsights_sitenote_note":"","_monsterinsights_sitenote_category":0,"footnotes":""},"class_list":["post-8122","page","type-page","status-publish","hentry"],"aioseo_notices":[],"_links":{"self":[{"href":"https:\/\/www.marinrcd.org\/programs\/home2\/wp-json\/wp\/v2\/pages\/8122","targetHints":{"allow":["GET"]}}],"collection":[{"href":"https:\/\/www.marinrcd.org\/programs\/home2\/wp-json\/wp\/v2\/pages"}],"about":[{"href":"https:\/\/www.marinrcd.org\/programs\/home2\/wp-json\/wp\/v2\/types\/page"}],"author":[{"embeddable":true,"href":"https:\/\/www.marinrcd.org\/programs\/home2\/wp-json\/wp\/v2\/users\/1"}],"replies":[{"embeddable":true,"href":"https:\/\/www.marinrcd.org\/programs\/home2\/wp-json\/wp\/v2\/comments?post=8122"}],"version-history":[{"count":10,"href":"https:\/\/www.marinrcd.org\/programs\/home2\/wp-json\/wp\/v2\/pages\/8122\/revisions"}],"predecessor-version":[{"id":8296,"href":"https:\/\/www.marinrcd.org\/programs\/home2\/wp-json\/wp\/v2\/pages\/8122\/revisions\/8296"}],"wp:attachment":[{"href":"https:\/\/www.marinrcd.org\/programs\/home2\/wp-json\/wp\/v2\/media?parent=8122"}],"curies":[{"name":"wp","href":"https:\/\/api.w.org\/{rel}","templated":true}]}}